{"id":15,"date":"2023-08-08T16:13:24","date_gmt":"2023-08-08T14:13:24","guid":{"rendered":"https:\/\/preprod.barakuda.hu\/?page_id=15"},"modified":"2024-04-17T11:15:45","modified_gmt":"2024-04-17T09:15:45","slug":"tamogatasaink","status":"publish","type":"page","link":"https:\/\/preprod.barakuda.hu\/?page_id=15","title":{"rendered":"T\u00e1mogat\u00e1saink"},"content":{"rendered":"\t\t<div data-elementor-type=\"wp-page\" data-elementor-id=\"15\" class=\"elementor elementor-15\">\n\t\t\t\t\t\t\t\t\t<section class=\"elementor-section elementor-top-section elementor-element elementor-element-5e0a0d61 elementor-section-boxed elementor-section-height-default elementor-section-height-default\" data-id=\"5e0a0d61\" data-element_type=\"section\">\n\t\t\t\t\t\t<div class=\"elementor-container elementor-column-gap-default\">\n\t\t\t\t\t<div class=\"elementor-column elementor-col-100 elementor-top-column elementor-element elementor-element-18830f38\" data-id=\"18830f38\" data-element_type=\"column\">\n\t\t\t<div class=\"elementor-widget-wrap elementor-element-populated\">\n\t\t\t\t\t\t\t\t<div class=\"elementor-element elementor-element-5b529c47 elementor-widget elementor-widget-text-editor\" data-id=\"5b529c47\" data-element_type=\"widget\" data-widget_type=\"text-editor.default\">\n\t\t\t\t<div class=\"elementor-widget-container\">\n\t\t\t<style>\/*! elementor - v3.15.0 - 09-08-2023 *\/\n.elementor-widget-text-editor.elementor-drop-cap-view-stacked .elementor-drop-cap{background-color:#69727d;color:#fff}.elementor-widget-text-editor.elementor-drop-cap-view-framed .elementor-drop-cap{color:#69727d;border:3px solid;background-color:transparent}.elementor-widget-text-editor:not(.elementor-drop-cap-view-default) .elementor-drop-cap{margin-top:8px}.elementor-widget-text-editor:not(.elementor-drop-cap-view-default) .elementor-drop-cap-letter{width:1em;height:1em}.elementor-widget-text-editor .elementor-drop-cap{float:left;text-align:center;line-height:1;font-size:50px}.elementor-widget-text-editor .elementor-drop-cap-letter{display:inline-block}<\/style>\t\t\t\t<!-- wp:paragraph -->\n<p><strong>Kedvezm\u00e9nyezett neve:<\/strong>&nbsp;Barakuda Informatika Zrt.<br><strong>Projekt c\u00edme:&nbsp;<\/strong>\u00daj, komplex, integr\u00e1lt \u00fcgyviteli rendszer fejleszt\u00e9se p\u00e9nz\u00fcgyi szolg\u00e1ltat\u00f3k r\u00e9sz\u00e9re.<\/p>\n<!-- \/wp:paragraph -->\n\n<!-- wp:paragraph -->\n<p>Vissza nem t\u00e9r\u00edtend\u0151 t\u00e1mogat\u00e1s \u00f6sszege: 50 milli\u00f3 forint<br>T\u00e1mogat\u00e1s m\u00e9rt\u00e9ke: 58 %<br><strong>Projekt tartalma:<\/strong>&nbsp;Egy olyan komplex \u00fcgyviteli rendszer ker\u00fclt megalkot\u00e1sra, amely a magyar jogszab\u00e1lyi k\u00f6rnyezetnek megfelel\u0151en szolg\u00e1lja ki a p\u00e9nz\u00fcgyi v\u00e1llalkoz\u00e1sokat, egy a Magyar Nemzeti Bank, mint fel\u00fcgyeleti szerv aj\u00e1nl\u00e1sait figyelembe vev\u0151 ERP rendszer fejleszt\u00e9s\u00e9n dolgozunk, amely az enged\u00e9llyel rendelkez\u0151 fel\u00fcgyelt int\u00e9zm\u00e9nyek sz\u00e1m\u00e1ra a nyilv\u00e1ntart\u00e1si, riportol\u00e1si \u00e9s besz\u00e1mol\u0171\u00e1si k\u00f6telezetts\u00e9geit val\u00f3s\u00edtja meg..<br><strong>Projekt befejez\u00e9s d\u00e1tuma:&nbsp;<\/strong>2021. m\u00e1rcius 30.<br><strong>Projekt azonos\u00edt\u00f3 sz\u00e1ma:&nbsp;<\/strong>GINOP-2.1.7-15-2016-02041<\/p>\n<!-- \/wp:paragraph -->\t\t\t\t\t\t<\/div>\n\t\t\t\t<\/div>\n\t\t\t\t\t<\/div>\n\t\t<\/div>\n\t\t\t\t\t\t\t<\/div>\n\t\t<\/section>\n\t\t\t\t<section class=\"elementor-section elementor-top-section elementor-element elementor-element-0288298 elementor-section-boxed elementor-section-height-default elementor-section-height-default\" data-id=\"0288298\" data-element_type=\"section\">\n\t\t\t\t\t\t<div class=\"elementor-container elementor-column-gap-default\">\n\t\t\t\t\t<div class=\"elementor-column elementor-col-100 elementor-top-column elementor-element elementor-element-64211bc\" data-id=\"64211bc\" data-element_type=\"column\">\n\t\t\t<div class=\"elementor-widget-wrap elementor-element-populated\">\n\t\t\t\t\t\t\t\t<div class=\"elementor-element elementor-element-fa1a959 elementor-widget elementor-widget-image\" data-id=\"fa1a959\" data-element_type=\"widget\" data-widget_type=\"image.default\">\n\t\t\t\t<div class=\"elementor-widget-container\">\n\t\t\t<style>\/*! elementor - v3.15.0 - 09-08-2023 *\/\n.elementor-widget-image{text-align:center}.elementor-widget-image a{display:inline-block}.elementor-widget-image a img[src$=\".svg\"]{width:48px}.elementor-widget-image img{vertical-align:middle;display:inline-block}<\/style>\t\t\t\t\t\t\t\t\t\t\t\t<img loading=\"lazy\" decoding=\"async\" width=\"1024\" height=\"726\" src=\"https:\/\/preprod.barakuda.hu\/wp-content\/uploads\/2024\/04\/uploadfile_DNsXHLn5u3OeG60MTAK2Z-1024x726.png\" class=\"attachment-large size-large wp-image-98\" alt=\"\" srcset=\"https:\/\/preprod.barakuda.hu\/wp-content\/uploads\/2024\/04\/uploadfile_DNsXHLn5u3OeG60MTAK2Z-1024x726.png 1024w, https:\/\/preprod.barakuda.hu\/wp-content\/uploads\/2024\/04\/uploadfile_DNsXHLn5u3OeG60MTAK2Z-300x213.png 300w, https:\/\/preprod.barakuda.hu\/wp-content\/uploads\/2024\/04\/uploadfile_DNsXHLn5u3OeG60MTAK2Z-768x544.png 768w, https:\/\/preprod.barakuda.hu\/wp-content\/uploads\/2024\/04\/uploadfile_DNsXHLn5u3OeG60MTAK2Z-282x200.png 282w, https:\/\/preprod.barakuda.hu\/wp-content\/uploads\/2024\/04\/uploadfile_DNsXHLn5u3OeG60MTAK2Z.png 1218w\" sizes=\"auto, (max-width: 1024px) 100vw, 1024px\" \/>\t\t\t\t\t\t\t\t\t\t\t\t\t\t\t<\/div>\n\t\t\t\t<\/div>\n\t\t\t\t\t<\/div>\n\t\t<\/div>\n\t\t\t\t\t\t\t<\/div>\n\t\t<\/section>\n\t\t\t\t\t\t\t<\/div>\n\t\t","protected":false},"excerpt":{"rendered":"<p>Kedvezm\u00e9nyezett neve:&nbsp;Barakuda Informatika Zrt.Projekt c\u00edme:&nbsp;\u00daj, komplex, integr\u00e1lt \u00fcgyviteli rendszer fejleszt\u00e9se p\u00e9nz\u00fcgyi szolg\u00e1ltat\u00f3k r\u00e9sz\u00e9re. Vissza nem t\u00e9r\u00edtend\u0151 t\u00e1mogat\u00e1s \u00f6sszege: 50 milli\u00f3 forintT\u00e1mogat\u00e1s m\u00e9rt\u00e9ke: 58 %Projekt tartalma:&nbsp;Egy olyan komplex \u00fcgyviteli rendszer ker\u00fclt megalkot\u00e1sra, amely a magyar jogszab\u00e1lyi k\u00f6rnyezetnek megfelel\u0151en szolg\u00e1lja ki a p\u00e9nz\u00fcgyi v\u00e1llalkoz\u00e1sokat, egy a Magyar Nemzeti Bank, mint fel\u00fcgyeleti szerv aj\u00e1nl\u00e1sait figyelembe vev\u0151 ERP rendszer [&hellip;]<\/p>\n","protected":false},"author":1,"featured_media":0,"parent":0,"menu_order":0,"comment_status":"closed","ping_status":"closed","template":"","meta":{"footnotes":""},"class_list":["post-15","page","type-page","status-publish","hentry"],"_links":{"self":[{"href":"https:\/\/preprod.barakuda.hu\/index.php?rest_route=\/wp\/v2\/pages\/15","targetHints":{"allow":["GET"]}}],"collection":[{"href":"https:\/\/preprod.barakuda.hu\/index.php?rest_route=\/wp\/v2\/pages"}],"about":[{"href":"https:\/\/preprod.barakuda.hu\/index.php?rest_route=\/wp\/v2\/types\/page"}],"author":[{"embeddable":true,"href":"https:\/\/preprod.barakuda.hu\/index.php?rest_route=\/wp\/v2\/users\/1"}],"replies":[{"embeddable":true,"href":"https:\/\/preprod.barakuda.hu\/index.php?rest_route=%2Fwp%2Fv2%2Fcomments&post=15"}],"version-history":[{"count":6,"href":"https:\/\/preprod.barakuda.hu\/index.php?rest_route=\/wp\/v2\/pages\/15\/revisions"}],"predecessor-version":[{"id":101,"href":"https:\/\/preprod.barakuda.hu\/index.php?rest_route=\/wp\/v2\/pages\/15\/revisions\/101"}],"wp:attachment":[{"href":"https:\/\/preprod.barakuda.hu\/index.php?rest_route=%2Fwp%2Fv2%2Fmedia&parent=15"}],"curies":[{"name":"wp","href":"https:\/\/api.w.org\/{rel}","templated":true}]}}